{"id":80,"date":"2019-12-01T18:20:18","date_gmt":"2019-12-01T17:20:18","guid":{"rendered":"https:\/\/jn-composites.fr\/?page_id=80"},"modified":"2021-03-19T19:21:12","modified_gmt":"2021-03-19T18:21:12","slug":"contact","status":"publish","type":"page","link":"https:\/\/jn-composites.fr\/index.php\/contact\/","title":{"rendered":"Contact"},"content":{"rendered":"\t\t<div data-elementor-type=\"wp-page\" data-elementor-id=\"80\" class=\"elementor elementor-80\" data-elementor-settings=\"[]\">\n\t\t\t\t\t\t<div class=\"elementor-inner\">\n\t\t\t\t\t\t\t<div class=\"elementor-section-wrap\">\n\t\t\t\t\t\t\t<section class=\"elementor-section elementor-top-section elementor-element elementor-element-31eacf74 elementor-section-stretched elementor-section-full_width elementor-section-height-default elementor-section-height-default\" data-id=\"31eacf74\" data-element_type=\"section\" data-settings=\"{&quot;stretch_section&quot;:&quot;section-stretched&quot;}\">\n\t\t\t\t\t\t<div class=\"elementor-container elementor-column-gap-default\">\n\t\t\t\t\t\t\t<div class=\"elementor-row\">\n\t\t\t\t\t<div class=\"elementor-column elementor-col-100 elementor-top-column elementor-element elementor-element-76fefb54\" data-id=\"76fefb54\" data-element_type=\"column\">\n\t\t\t<div class=\"elementor-column-wrap elementor-element-populated\">\n\t\t\t\t\t\t\t<div class=\"elementor-widget-wrap\">\n\t\t\t\t\t\t<div class=\"elementor-element elementor-element-286054cb elementor-headline--style-highlight elementor-widget elementor-widget-animated-headline\" data-id=\"286054cb\" data-element_type=\"widget\" data-settings=\"{&quot;marker&quot;:&quot;underline&quot;,&quot;highlighted_text&quot;:&quot;JN Composites&quot;,&quot;headline_style&quot;:&quot;highlight&quot;,&quot;loop&quot;:&quot;yes&quot;,&quot;highlight_animation_duration&quot;:1200,&quot;highlight_iteration_delay&quot;:8000}\" data-widget_type=\"animated-headline.default\">\n\t\t\t\t<div class=\"elementor-widget-container\">\n\t\t\t\t\t<h2 class=\"elementor-headline\">\n\t\t\t\t<span class=\"elementor-headline-dynamic-wrapper elementor-headline-text-wrapper\">\n\t\t\t\t\t<span class=\"elementor-headline-dynamic-text elementor-headline-text-active\">JN Composites<\/span>\n\t\t\t\t<\/span>\n\t\t\t\t\t<span class=\"elementor-headline-plain-text elementor-headline-text-wrapper\">\u00e0 votre \u00e9coute<\/span>\n\t\t\t\t\t<\/h2>\n\t\t\t\t<\/div>\n\t\t\t\t<\/div>\n\t\t\t\t\t\t<\/div>\n\t\t\t\t\t<\/div>\n\t\t<\/div>\n\t\t\t\t\t\t\t\t<\/div>\n\t\t\t\t\t<\/div>\n\t\t<\/section>\n\t\t\t\t<section class=\"elementor-section elementor-top-section elementor-element elementor-element-5450a30 elementor-section-stretched elementor-section-full_width elementor-section-height-default elementor-section-height-default\" data-id=\"5450a30\" data-element_type=\"section\" data-settings=\"{&quot;stretch_section&quot;:&quot;section-stretched&quot;,&quot;background_background&quot;:&quot;classic&quot;}\">\n\t\t\t\t\t\t<div class=\"elementor-container elementor-column-gap-default\">\n\t\t\t\t\t\t\t<div class=\"elementor-row\">\n\t\t\t\t\t<div class=\"elementor-column elementor-col-33 elementor-top-column elementor-element elementor-element-59b753cc\" data-id=\"59b753cc\" data-element_type=\"column\">\n\t\t\t<div class=\"elementor-column-wrap elementor-element-populated\">\n\t\t\t\t\t\t\t<div class=\"elementor-widget-wrap\">\n\t\t\t\t\t\t<div class=\"elementor-element elementor-element-295a040e elementor-widget elementor-widget-image\" data-id=\"295a040e\" data-element_type=\"widget\" data-widget_type=\"image.default\">\n\t\t\t\t<div class=\"elementor-widget-container\">\n\t\t\t\t\t\t\t\t<div class=\"elementor-image\">\n\t\t\t\t\t\t\t\t\t\t\t\t<img src=\"https:\/\/jn-composites.fr\/wp-content\/uploads\/elementor\/thumbs\/favicon-ohjcc2yam44hpbk8z4ilby17p6e1llg4v14dz7lcv0.png\" title=\"favicon\" alt=\"favicon\" \/>\t\t\t\t\t\t\t\t\t\t\t\t\t\t<\/div>\n\t\t\t\t\t\t<\/div>\n\t\t\t\t<\/div>\n\t\t\t\t<div class=\"elementor-element elementor-element-6efa81b2 elementor-widget elementor-widget-theme-site-title elementor-widget-heading\" data-id=\"6efa81b2\" data-element_type=\"widget\" data-widget_type=\"theme-site-title.default\">\n\t\t\t\t<div class=\"elementor-widget-container\">\n\t\t\t<h3 class=\"elementor-heading-title elementor-size-default\"><a href=\"https:\/\/jn-composites.fr\">JN COMPOSITES<\/a><\/h3>\t\t<\/div>\n\t\t\t\t<\/div>\n\t\t\t\t<div class=\"elementor-element elementor-element-233f9eac elementor-widget elementor-widget-text-editor\" data-id=\"233f9eac\" data-element_type=\"widget\" data-widget_type=\"text-editor.default\">\n\t\t\t\t<div class=\"elementor-widget-container\">\n\t\t\t\t\t\t\t\t<div class=\"elementor-text-editor elementor-clearfix\">\n\t\t\t\t<p>Nous vous accueillons du lundi au vendredi, de 8h \u00e0 12h et de 13h30 \u00e0 18h30.<\/p><p>\u00a0T\u00e9l\u00e9phone : 02 37 90 75 41<\/p>\t\t\t\t\t<\/div>\n\t\t\t\t\t\t<\/div>\n\t\t\t\t<\/div>\n\t\t\t\t<div class=\"elementor-element elementor-element-25410a6c elementor-widget elementor-widget-text-editor\" data-id=\"25410a6c\" data-element_type=\"widget\" data-widget_type=\"text-editor.default\">\n\t\t\t\t<div class=\"elementor-widget-container\">\n\t\t\t\t\t\t\t\t<div class=\"elementor-text-editor elementor-clearfix\">\n\t\t\t\t<p>Notre atelier est vaste, souvent bruyant, n&rsquo;h\u00e9sitez pas \u00e0 utiliser notre formulaire de contact si jamais nous ne pouvions vous r\u00e9pondre au t\u00e9l\u00e9phone.<\/p>\t\t\t\t\t<\/div>\n\t\t\t\t\t\t<\/div>\n\t\t\t\t<\/div>\n\t\t\t\t\t\t<\/div>\n\t\t\t\t\t<\/div>\n\t\t<\/div>\n\t\t\t\t<div class=\"elementor-column elementor-col-33 elementor-top-column elementor-element elementor-element-a1035a0\" data-id=\"a1035a0\" data-element_type=\"column\">\n\t\t\t<div class=\"elementor-column-wrap elementor-element-populated\">\n\t\t\t\t\t\t\t<div class=\"elementor-widget-wrap\">\n\t\t\t\t\t\t<div class=\"elementor-element elementor-element-6abe0c98 elementor-widget elementor-widget-text-editor\" data-id=\"6abe0c98\" data-element_type=\"widget\" data-widget_type=\"text-editor.default\">\n\t\t\t\t<div class=\"elementor-widget-container\">\n\t\t\t\t\t\t\t\t<div class=\"elementor-text-editor elementor-clearfix\">\n\t\t\t\t<p>Venez nous rencontrer et nous pr\u00e9senter vos besoins ou projets :<\/p><p>23 ZA Jean Monnet<br \/>28630 Fontenay-sur-Eure<\/p>\t\t\t\t\t<\/div>\n\t\t\t\t\t\t<\/div>\n\t\t\t\t<\/div>\n\t\t\t\t<div class=\"elementor-element elementor-element-7cdd441b elementor-widget elementor-widget-google_maps\" data-id=\"7cdd441b\" data-element_type=\"widget\" data-widget_type=\"google_maps.default\">\n\t\t\t\t<div class=\"elementor-widget-container\">\n\t\t\t\t\t<div class=\"elementor-custom-embed\">\n\t\t\t<iframe frameborder=\"0\" scrolling=\"no\" marginheight=\"0\" marginwidth=\"0\"\n\t\t\t\t\tsrc=\"https:\/\/maps.google.com\/maps?q=JN%20composites%2023%20ZA%20Jean%20Monnet%2028630%20Fontenay-sur-Eure&#038;t=m&#038;z=10&#038;output=embed&#038;iwloc=near\"\n\t\t\t\t\ttitle=\"JN composites 23 ZA Jean Monnet 28630 Fontenay-sur-Eure\"\n\t\t\t\t\taria-label=\"JN composites 23 ZA Jean Monnet 28630 Fontenay-sur-Eure\"\n\t\t\t><\/iframe>\n\t\t<\/div>\n\t\t\t\t<\/div>\n\t\t\t\t<\/div>\n\t\t\t\t\t\t<\/div>\n\t\t\t\t\t<\/div>\n\t\t<\/div>\n\t\t\t\t<div class=\"elementor-column elementor-col-33 elementor-top-column elementor-element elementor-element-5e032684\" data-id=\"5e032684\" data-element_type=\"column\">\n\t\t\t<div class=\"elementor-column-wrap elementor-element-populated\">\n\t\t\t\t\t\t\t<div class=\"elementor-widget-wrap\">\n\t\t\t\t\t\t<div class=\"elementor-element elementor-element-1346989e elementor-widget elementor-widget-text-editor\" data-id=\"1346989e\" data-element_type=\"widget\" data-widget_type=\"text-editor.default\">\n\t\t\t\t<div class=\"elementor-widget-container\">\n\t\t\t\t\t\t\t\t<div class=\"elementor-text-editor elementor-clearfix\">\n\t\t\t\t<p>Nous sommes \u00e9galement sur les Facebook o\u00f9 nous vous pr\u00e9sentons certains de nos projets en photos.<\/p>\t\t\t\t\t<\/div>\n\t\t\t\t\t\t<\/div>\n\t\t\t\t<\/div>\n\t\t\t\t<div class=\"elementor-element elementor-element-4eb314e7 elementor-widget elementor-widget-facebook-page\" data-id=\"4eb314e7\" data-element_type=\"widget\" data-widget_type=\"facebook-page.default\">\n\t\t\t\t<div class=\"elementor-widget-container\">\n\t\t\t<div class=\"elementor-facebook-widget fb-page\" data-href=\"https:\/\/www.facebook.com\/jn.composites\/\" data-tabs=\"timeline\" data-height=\"400px\" data-width=\"500px\" data-small-header=\"false\" data-hide-cover=\"false\" data-show-facepile=\"false\" data-hide-cta=\"true\" style=\"min-height: 1px;height:400px\"><\/div>\t\t<\/div>\n\t\t\t\t<\/div>\n\t\t\t\t\t\t<\/div>\n\t\t\t\t\t<\/div>\n\t\t<\/div>\n\t\t\t\t\t\t\t\t<\/div>\n\t\t\t\t\t<\/div>\n\t\t<\/section>\n\t\t\t\t<section class=\"elementor-section elementor-top-section elementor-element elementor-element-665ca1a7 elementor-section-stretched elementor-section-boxed elementor-section-height-default elementor-section-height-default\" data-id=\"665ca1a7\" data-element_type=\"section\" data-settings=\"{&quot;stretch_section&quot;:&quot;section-stretched&quot;,&quot;background_background&quot;:&quot;classic&quot;}\">\n\t\t\t\t\t\t<div class=\"elementor-container elementor-column-gap-default\">\n\t\t\t\t\t\t\t<div class=\"elementor-row\">\n\t\t\t\t\t<div class=\"elementor-column elementor-col-100 elementor-top-column elementor-element elementor-element-369fdd6b\" data-id=\"369fdd6b\" data-element_type=\"column\">\n\t\t\t<div class=\"elementor-column-wrap elementor-element-populated\">\n\t\t\t\t\t\t\t<div class=\"elementor-widget-wrap\">\n\t\t\t\t\t\t<div class=\"elementor-element elementor-element-7ae100de elementor-headline--style-highlight elementor-widget elementor-widget-animated-headline\" data-id=\"7ae100de\" data-element_type=\"widget\" data-settings=\"{&quot;marker&quot;:&quot;underline&quot;,&quot;highlighted_text&quot;:&quot;au plus vite&quot;,&quot;headline_style&quot;:&quot;highlight&quot;,&quot;loop&quot;:&quot;yes&quot;,&quot;highlight_animation_duration&quot;:1200,&quot;highlight_iteration_delay&quot;:8000}\" data-widget_type=\"animated-headline.default\">\n\t\t\t\t<div class=\"elementor-widget-container\">\n\t\t\t\t\t<h3 class=\"elementor-headline\">\n\t\t\t\t\t<span class=\"elementor-headline-plain-text elementor-headline-text-wrapper\">Nous vous recontactons<\/span>\n\t\t\t\t<span class=\"elementor-headline-dynamic-wrapper elementor-headline-text-wrapper\">\n\t\t\t\t\t<span class=\"elementor-headline-dynamic-text elementor-headline-text-active\">au plus vite<\/span>\n\t\t\t\t<\/span>\n\t\t\t\t\t<span class=\"elementor-headline-plain-text elementor-headline-text-wrapper\"> !<\/span>\n\t\t\t\t\t<\/h3>\n\t\t\t\t<\/div>\n\t\t\t\t<\/div>\n\t\t\t\t<div class=\"elementor-element elementor-element-41737b5d elementor-button-align-center elementor-widget elementor-widget-form\" data-id=\"41737b5d\" data-element_type=\"widget\" data-settings=\"{&quot;step_next_label&quot;:&quot;Suivant&quot;,&quot;step_previous_label&quot;:&quot;Pr\\u00e9c\\u00e9dent&quot;,&quot;button_width&quot;:&quot;100&quot;,&quot;step_type&quot;:&quot;number_text&quot;,&quot;step_icon_shape&quot;:&quot;circle&quot;}\" data-widget_type=\"form.default\">\n\t\t\t\t<div class=\"elementor-widget-container\">\n\t\t\t\t\t<form class=\"elementor-form\" method=\"post\" name=\"New Form\">\n\t\t\t<input type=\"hidden\" name=\"post_id\" value=\"80\"\/>\n\t\t\t<input type=\"hidden\" name=\"form_id\" value=\"41737b5d\"\/>\n\t\t\t<input type=\"hidden\" name=\"referer_title\" value=\"JN COMPOSITES\" \/>\n\n\t\t\t\n\t\t\t<div class=\"elementor-form-fields-wrapper elementor-labels-above\">\n\t\t\t\t\t\t\t\t<div class=\"elementor-field-type-text elementor-field-group elementor-column elementor-field-group-NomPrenom elementor-col-100 elementor-field-required elementor-mark-required\">\n\t\t\t\t\t\t\t\t\t\t\t\t<label for=\"form-field-NomPrenom\" class=\"elementor-field-label\">\n\t\t\t\t\t\t\t\tNom et Pr\u00e9nom\t\t\t\t\t\t\t<\/label>\n\t\t\t\t\t\t\t\t\t\t\t\t\t\t<input size=\"1\" type=\"text\" name=\"form_fields[NomPrenom]\" id=\"form-field-NomPrenom\" class=\"elementor-field elementor-size-sm  elementor-field-textual\" required=\"required\" aria-required=\"true\">\n\t\t\t\t\t\t\t\t\t\t\t<\/div>\n\t\t\t\t\t\t\t\t<div class=\"elementor-field-type-email elementor-field-group elementor-column elementor-field-group-emailContact elementor-col-100 elementor-field-required elementor-mark-required\">\n\t\t\t\t\t\t\t\t\t\t\t\t<label for=\"form-field-emailContact\" class=\"elementor-field-label\">\n\t\t\t\t\t\t\t\tEmail\t\t\t\t\t\t\t<\/label>\n\t\t\t\t\t\t\t\t\t\t\t\t\t\t<input size=\"1\" type=\"email\" name=\"form_fields[emailContact]\" id=\"form-field-emailContact\" class=\"elementor-field elementor-size-sm  elementor-field-textual\" placeholder=\"V\u00e9rifiez-la bien avant envoi\" required=\"required\" aria-required=\"true\">\n\t\t\t\t\t\t\t\t\t\t\t<\/div>\n\t\t\t\t\t\t\t\t<div class=\"elementor-field-type-textarea elementor-field-group elementor-column elementor-field-group-Message elementor-col-100 elementor-field-required elementor-mark-required\">\n\t\t\t\t\t\t\t\t\t\t\t\t<label for=\"form-field-Message\" class=\"elementor-field-label\">\n\t\t\t\t\t\t\t\tMessage\t\t\t\t\t\t\t<\/label>\n\t\t\t\t\t\t<textarea class=\"elementor-field-textual elementor-field  elementor-size-sm\" name=\"form_fields[Message]\" id=\"form-field-Message\" rows=\"4\" placeholder=\"Comment pouvons-nous vous aider ?\" required=\"required\" aria-required=\"true\"><\/textarea>\t\t\t\t<\/div>\n\t\t\t\t\t\t\t\t<div class=\"elementor-field-type-recaptcha elementor-field-group elementor-column elementor-field-group- elementor-col-100\">\n\t\t\t\t\t<div class=\"elementor-field\" id=\"form-field-\"><div class=\"elementor-g-recaptcha\" data-sitekey=\"6LfXfsUUAAAAAFA33jOSIR-xkXGTYQZdrMPmO-Zj\" data-type=\"v2_checkbox\" data-theme=\"light\" data-size=\"normal\"><\/div><\/div>\t\t\t\t<\/div>\n\t\t\t\t\t\t\t\t<div class=\"elementor-field-type-text\">\n\t\t\t\t\t<input size=\"1\" type=\"text\" name=\"form_fields[field_03aca03]\" id=\"form-field-field_03aca03\" class=\"elementor-field elementor-size-sm \" style=\"display:none !important;\">\t\t\t\t<\/div>\n\t\t\t\t\t\t\t\t<div class=\"elementor-field-group elementor-column elementor-field-type-submit elementor-col-100 e-form__buttons\">\n\t\t\t\t\t<button type=\"submit\" class=\"elementor-button elementor-size-sm elementor-animation-grow\">\n\t\t\t\t\t\t<span >\n\t\t\t\t\t\t\t\t\t\t\t\t\t\t\t<span class=\"elementor-align-icon-right elementor-button-icon\">\n\t\t\t\t\t\t\t\t\t<i aria-hidden=\"true\" class=\"fas fa-arrow-circle-right\"><\/i>\t\t\t\t\t\t\t\t\t\t\t\t\t\t\t\t\t<\/span>\n\t\t\t\t\t\t\t\t\t\t\t\t\t\t\t\t\t\t\t\t\t\t<span class=\"elementor-button-text\">Envoyer<\/span>\n\t\t\t\t\t\t\t\t\t\t\t\t\t<\/span>\n\t\t\t\t\t<\/button>\n\t\t\t\t<\/div>\n\t\t\t<\/div>\n\t\t<\/form>\n\t\t\t\t<\/div>\n\t\t\t\t<\/div>\n\t\t\t\t\t\t<\/div>\n\t\t\t\t\t<\/div>\n\t\t<\/div>\n\t\t\t\t\t\t\t\t<\/div>\n\t\t\t\t\t<\/div>\n\t\t<\/section>\n\t\t\t\t\t\t<\/div>\n\t\t\t\t\t\t<\/div>\n\t\t\t\t\t<\/div>\n\t\t","protected":false},"excerpt":{"rendered":"<p>JN Composites \u00e0 votre \u00e9coute Nous vous accueillons du lundi au vendredi, de 8h \u00e0 12h et de 13h30 \u00e0 18h30. \u00a0T\u00e9l\u00e9phone : 02 37 90 75 41 Notre atelier est vaste, souvent bruyant, n&rsquo;h\u00e9sitez pas \u00e0 utiliser notre formulaire de contact si jamais nous ne pouvions vous r\u00e9pondre au t\u00e9l\u00e9phone. Venez nous rencontrer et &hellip; <a href=\"https:\/\/jn-composites.fr\/index.php\/contact\/\" class=\"more-link\">Continuer la lecture de <span class=\"screen-reader-text\">Contact<\/span> <span class=\"meta-nav\">&rarr;<\/span><\/a><\/p>\n","protected":false},"author":1,"featured_media":0,"parent":0,"menu_order":0,"comment_status":"closed","ping_status":"closed","template":"","meta":[],"yoast_head":"<!-- This site is optimized with the Yoast SEO plugin v17.6 - https:\/\/yoast.com\/wordpress\/plugins\/seo\/ -->\n<meta name=\"robots\" content=\"index, follow, max-snippet:-1, max-image-preview:large, max-video-preview:-1\" \/>\n<link rel=\"canonical\" href=\"https:\/\/jn-composites.fr\/index.php\/contact\/\" \/>\n<meta property=\"og:locale\" content=\"fr_FR\" \/>\n<meta property=\"og:type\" content=\"article\" \/>\n<meta property=\"og:title\" content=\"Contact - JN COMPOSITES\" \/>\n<meta property=\"og:description\" content=\"JN Composites \u00e0 votre \u00e9coute Nous vous accueillons du lundi au vendredi, de 8h \u00e0 12h et de 13h30 \u00e0 18h30. \u00a0T\u00e9l\u00e9phone : 02 37 90 75 41 Notre atelier est vaste, souvent bruyant, n&rsquo;h\u00e9sitez pas \u00e0 utiliser notre formulaire de contact si jamais nous ne pouvions vous r\u00e9pondre au t\u00e9l\u00e9phone. Venez nous rencontrer et &hellip; Continuer la lecture de Contact &rarr;\" \/>\n<meta property=\"og:url\" content=\"https:\/\/jn-composites.fr\/index.php\/contact\/\" \/>\n<meta property=\"og:site_name\" content=\"JN COMPOSITES\" \/>\n<meta property=\"article:modified_time\" content=\"2021-03-19T18:21:12+00:00\" \/>\n<meta property=\"og:image\" content=\"https:\/\/jn-composites.fr\/wp-content\/uploads\/elementor\/thumbs\/favicon-ohjcc2yam44hpbk8z4ilby17p6e1llg4v14dz7lcv0.png\" \/>\n<meta name=\"twitter:card\" content=\"summary_large_image\" \/>\n<script type=\"application\/ld+json\" class=\"yoast-schema-graph\">{\"@context\":\"https:\/\/schema.org\",\"@graph\":[{\"@type\":\"WebSite\",\"@id\":\"https:\/\/jn-composites.fr\/#website\",\"url\":\"https:\/\/jn-composites.fr\/\",\"name\":\"JN COMPOSITES\",\"description\":\"R\\u00e9parateur agr\\u00e9\\u00e9 v\\u00e9hicules de loisirs pour travaux de moulages et applications en polyester et carbone\",\"potentialAction\":[{\"@type\":\"SearchAction\",\"target\":{\"@type\":\"EntryPoint\",\"urlTemplate\":\"https:\/\/jn-composites.fr\/?s={search_term_string}\"},\"query-input\":\"required name=search_term_string\"}],\"inLanguage\":\"fr-FR\"},{\"@type\":\"ImageObject\",\"@id\":\"https:\/\/jn-composites.fr\/index.php\/contact\/#primaryimage\",\"inLanguage\":\"fr-FR\",\"url\":\"https:\/\/jn-composites.fr\/wp-content\/uploads\/elementor\/thumbs\/favicon-ohjcc2yam44hpbk8z4ilby17p6e1llg4v14dz7lcv0.png\",\"contentUrl\":\"https:\/\/jn-composites.fr\/wp-content\/uploads\/elementor\/thumbs\/favicon-ohjcc2yam44hpbk8z4ilby17p6e1llg4v14dz7lcv0.png\"},{\"@type\":\"WebPage\",\"@id\":\"https:\/\/jn-composites.fr\/index.php\/contact\/#webpage\",\"url\":\"https:\/\/jn-composites.fr\/index.php\/contact\/\",\"name\":\"Contact - JN COMPOSITES\",\"isPartOf\":{\"@id\":\"https:\/\/jn-composites.fr\/#website\"},\"primaryImageOfPage\":{\"@id\":\"https:\/\/jn-composites.fr\/index.php\/contact\/#primaryimage\"},\"datePublished\":\"2019-12-01T17:20:18+00:00\",\"dateModified\":\"2021-03-19T18:21:12+00:00\",\"breadcrumb\":{\"@id\":\"https:\/\/jn-composites.fr\/index.php\/contact\/#breadcrumb\"},\"inLanguage\":\"fr-FR\",\"potentialAction\":[{\"@type\":\"ReadAction\",\"target\":[\"https:\/\/jn-composites.fr\/index.php\/contact\/\"]}]},{\"@type\":\"BreadcrumbList\",\"@id\":\"https:\/\/jn-composites.fr\/index.php\/contact\/#breadcrumb\",\"itemListElement\":[{\"@type\":\"ListItem\",\"position\":1,\"name\":\"Accueil\",\"item\":\"https:\/\/jn-composites.fr\/\"},{\"@type\":\"ListItem\",\"position\":2,\"name\":\"Contact\"}]}]}<\/script>\n<!-- \/ Yoast SEO plugin. -->","yoast_head_json":{"robots":{"index":"index","follow":"follow","max-snippet":"max-snippet:-1","max-image-preview":"max-image-preview:large","max-video-preview":"max-video-preview:-1"},"canonical":"https:\/\/jn-composites.fr\/index.php\/contact\/","og_locale":"fr_FR","og_type":"article","og_title":"Contact - JN COMPOSITES","og_description":"JN Composites \u00e0 votre \u00e9coute Nous vous accueillons du lundi au vendredi, de 8h \u00e0 12h et de 13h30 \u00e0 18h30. \u00a0T\u00e9l\u00e9phone : 02 37 90 75 41 Notre atelier est vaste, souvent bruyant, n&rsquo;h\u00e9sitez pas \u00e0 utiliser notre formulaire de contact si jamais nous ne pouvions vous r\u00e9pondre au t\u00e9l\u00e9phone. Venez nous rencontrer et &hellip; Continuer la lecture de Contact &rarr;","og_url":"https:\/\/jn-composites.fr\/index.php\/contact\/","og_site_name":"JN COMPOSITES","article_modified_time":"2021-03-19T18:21:12+00:00","og_image":[{"url":"https:\/\/jn-composites.fr\/wp-content\/uploads\/elementor\/thumbs\/favicon-ohjcc2yam44hpbk8z4ilby17p6e1llg4v14dz7lcv0.png"}],"twitter_card":"summary_large_image","schema":{"@context":"https:\/\/schema.org","@graph":[{"@type":"WebSite","@id":"https:\/\/jn-composites.fr\/#website","url":"https:\/\/jn-composites.fr\/","name":"JN COMPOSITES","description":"R\u00e9parateur agr\u00e9\u00e9 v\u00e9hicules de loisirs pour travaux de moulages et applications en polyester et carbone","potentialAction":[{"@type":"SearchAction","target":{"@type":"EntryPoint","urlTemplate":"https:\/\/jn-composites.fr\/?s={search_term_string}"},"query-input":"required name=search_term_string"}],"inLanguage":"fr-FR"},{"@type":"ImageObject","@id":"https:\/\/jn-composites.fr\/index.php\/contact\/#primaryimage","inLanguage":"fr-FR","url":"https:\/\/jn-composites.fr\/wp-content\/uploads\/elementor\/thumbs\/favicon-ohjcc2yam44hpbk8z4ilby17p6e1llg4v14dz7lcv0.png","contentUrl":"https:\/\/jn-composites.fr\/wp-content\/uploads\/elementor\/thumbs\/favicon-ohjcc2yam44hpbk8z4ilby17p6e1llg4v14dz7lcv0.png"},{"@type":"WebPage","@id":"https:\/\/jn-composites.fr\/index.php\/contact\/#webpage","url":"https:\/\/jn-composites.fr\/index.php\/contact\/","name":"Contact - JN COMPOSITES","isPartOf":{"@id":"https:\/\/jn-composites.fr\/#website"},"primaryImageOfPage":{"@id":"https:\/\/jn-composites.fr\/index.php\/contact\/#primaryimage"},"datePublished":"2019-12-01T17:20:18+00:00","dateModified":"2021-03-19T18:21:12+00:00","breadcrumb":{"@id":"https:\/\/jn-composites.fr\/index.php\/contact\/#breadcrumb"},"inLanguage":"fr-FR","potentialAction":[{"@type":"ReadAction","target":["https:\/\/jn-composites.fr\/index.php\/contact\/"]}]},{"@type":"BreadcrumbList","@id":"https:\/\/jn-composites.fr\/index.php\/contact\/#breadcrumb","itemListElement":[{"@type":"ListItem","position":1,"name":"Accueil","item":"https:\/\/jn-composites.fr\/"},{"@type":"ListItem","position":2,"name":"Contact"}]}]}},"_links":{"self":[{"href":"https:\/\/jn-composites.fr\/index.php\/wp-json\/wp\/v2\/pages\/80"}],"collection":[{"href":"https:\/\/jn-composites.fr\/index.php\/wp-json\/wp\/v2\/pages"}],"about":[{"href":"https:\/\/jn-composites.fr\/index.php\/wp-json\/wp\/v2\/types\/page"}],"author":[{"embeddable":true,"href":"https:\/\/jn-composites.fr\/index.php\/wp-json\/wp\/v2\/users\/1"}],"replies":[{"embeddable":true,"href":"https:\/\/jn-composites.fr\/index.php\/wp-json\/wp\/v2\/comments?post=80"}],"version-history":[{"count":31,"href":"https:\/\/jn-composites.fr\/index.php\/wp-json\/wp\/v2\/pages\/80\/revisions"}],"predecessor-version":[{"id":120,"href":"https:\/\/jn-composites.fr\/index.php\/wp-json\/wp\/v2\/pages\/80\/revisions\/120"}],"wp:attachment":[{"href":"https:\/\/jn-composites.fr\/index.php\/wp-json\/wp\/v2\/media?parent=80"}],"curies":[{"name":"wp","href":"https:\/\/api.w.org\/{rel}","templated":true}]}}